 -0*p - 46. Let y(o) = 6*o**2 - o + 1. Let w be y(1). Calculate the remainder when 225/6*4/w is divided by f.
12
Suppose 0 = -w + 5 + 3. Let t = w + 7. What is the remainder when 620/14 - (-6)/(-21) is divided by t?
14
Let q = -24 + 13. Let c(v) = 2*v + 1. Let i be c(q). Let k = -11 - i. Calculate the remainder when 18 is divided by k.
8
Let v(s) = -s**3 + 18*s**2 + 8. Calculate the remainder when ((-124)/(-6))/((-2)/(-3)) is divided by v(18).
7
Suppose -1 + 4 = k. Let c = -10 + 10. Suppose -k*w + c = 9, y = w + 25. What is the remainder when y is divided by 12?
10
Suppose -2*o = -0*o + 2*h - 60, -2*h = -2*o + 44. What is the remainder when 46 is divided by o?
20
Let s(z) = 2*z**3 + z**2 - 3*z + 3. What is the remainder when 48 is divided by s(2)?
14
Let a(n) be the third derivative of 7/60*n**5 + 0 - n**2 + 1/6*n**4 + 1/120*n**6 + 4/3*n**3 + 0*n. What is the remainder when 58 is divided by a(-6)?
18
Suppose 5*u = 3*u + 104. Suppose 0 = -2*l - 4*a + 16, 0 = 3*l + 2*l - 2*a - u. What is the remainder when 38 is divided by l?
8
Suppose -3*k = 2*m + 78, 5*m = -0*m - 4*k - 202. Calculate the remainder when 13 is divided by 3*(-3 - m/9).
3
Suppose -3*a - 19 + 1 = 0. Let l = a + 15. Suppose 4*c = -o + 68, 5*c + o = 2*c + 52. What is the remainder when c is divided by l?
7
Suppose 18 + 0 = a. Calculate the remainder when a is divided by 7.
4
Let y = 59 + -26. What is the remainder when 99 is divided by -6 + y + 1*-2?
24
Suppose 0 = 4*f - 20, -5*n + 80 = 2*f - 3*f. Calculate the remainder when 33 is divided by n.
16
What is the remainder when 50 is divided by 12/(-42) + 242/14?
16
Calculate the remainder when (-2)/(-1) - (-9 - 41) is divided by 27.
25
Let b(z) = -5*z**2 - 6*z**2 - z**2 + z**3 - 12*z - 6. Calculate the remainder when 12 is divided by b(13).
5
Suppose x = 2*q + 24, x + 3*x = 0. What is the remainder when 0 + q/(1/(-1)) is divided by 7?
5
Suppose 2*t + 0*t - 28 = 0. Suppose 11*m = 7*m + 20. Suppose 2*y - 96 = -m*z + 91, -4*y - 16 = 0. What is the remainder when z is divided by t?
11
Let z(g) = 3*g**2 + 3*g + 10. Calculate the remainder when z(5) is divided by 17.
15
Let v(b) = -b**3 - 11*b**2 + 17*b + 11. Let p be v(-13). Suppose 5*n - 9*n = -p. Calculate the remainder when 125 is divided by n.
29
Suppose -3*t = -o - 20 - 65, 4*o + 70 = 2*t. What is the remainder when t is divided by 10?
7
Suppose 0 = -5*d + 3*h + 104, 2*h - 32 = -3*d + 38. Calculate the remainder when d is divided by 6.
4
Let l be 2 - (-8)/(-1 + -1). Let t(z) = 2*z**2 - 4. Let s be t(3). Let d = s + l. Calculate the remainder when 35 is divided by d.
11
Let i = 109 - 69. Suppose 0*l - 3*l = 0. Suppose l = -2*b + 13 + 15. What is the remainder when i is divided by b?
12
Let r = -26 + 58. Let n be (-1)/(-5) - 1/5. Suppose -5*j + 21 + 34 = n. Calculate the remainder when r is divided by j.
10
Let d = 30 + 1. Suppose -11 = -7*y + 2*y - 2*a, -y = a - 1. Suppose 0 = y*n + 7 - 40. Calculate the remainder when d is divided by n.
9
Suppose 8*v = 12*v - 16. What is the remainder when 15 is divided by v?
3
Let p(g) = -g**2 - 14*g + 4. What is the remainder when p(-6) is divided by 14?
10
Let s = -7 + 11. Suppose 3*a = s*j - 255, 6*j - 4*j = 4*a + 120. What is the remainder when j is divided by 17?
15
Let b(r) = -r**3 - 9*r**2 - 2*r - 5. Calculate the remainder when 21 is divided by b(-9).
8
Suppose 0 = -3*n + 15 - 3. Suppose -8 = -3*d + n. Let s = 0 - -2. Calculate the remainder when d is divided by s.
0
Let c be (-90)/(-21) + (-4)/14. Let h be (-4)/(-16) - (-39)/c. Let u = 17 - h. Calculate the remainder when 13 is divided by u.
6
Let v = 5 + 0. Suppose v = -x - a + 23, -a - 58 = -3*x. Suppose -r = 3*d + 5, d = 4*d + 12. What is the remainder when x is divided by r?
5
Let k be (-12)/9*(-228)/8. Suppose 0 = -5*g + f + 37, 5*g - g - 5*f - k = 0. What is the remainder when 27 is divided by g?
6
Suppose 4*u = 5*u - 2. Suppose u*g + 336 = 6*g. Suppose -4*s = 0, -f - 2*s = -4*f + g. What is the remainder when f is divided by 10?
8
Let b(k) = 17*k**2 + k. Let x be b(1). Let v be 70/(-5)*1/(-2). Let o = x - v. Calculate the remainder when o is divided by 4.
3
Let d = -287 + 301. Let p = 17 - 9. What is the remainder when d is divided by p?
6
Suppose -5*u + 41 = -19. Calculate the remainder when 57 is divided by u.
9
Suppose -2*x - 33 = -5*x. What is the remainder when 21 is divided by x?
10
Suppose t + 21 - 27 = 0. What is the remainder when 17 is divided by t?
5
Let o = 7 - 10. Let u be o*16/18*-12. Suppose -4*i = -u - 92. What is the remainder when i is divided by 16?
15
Let v = -4 - -7. Suppose 1 + v = -2*t, -5*j - 2*t + 81 = 0. Let x = 33 - -17. Calculate the remainder when x is divided by j.
16
Suppose 0 = 14*k - 6*k - 120. Calculate the remainder when k is divided by 8.
7
Suppose 2*h - 3 - 11 = 0. Calculate the remainder when 41 is divided by h.
6
Suppose 4*l - 5 = 3. Suppose -7*h + 23 = u - 3*h, l*u = -h + 18. What is the remainder when 11 is divided by u?
4
Let z be (-6)/(-8)*(2 + 2). Suppose 8 = -z*c + 44. What is the remainder when c is divided by 5?
2
Let x(u) = -u**2 - 2*u + 7. Suppose -3*p - 9 = -0*p. Calculate the remainder when 13 is divided by x(p).
1
Suppose 4*k - 3*k + 79 = 4*l, -4*l + 99 = 3*k. Suppose l = -2*b + 5*b. Calculate the remainder when b is divided by 5.
2
Let f = 15 + -11. Suppose a - 3*z = -5*z + 19, -2*z - f = 0. Calculate the remainder when 44 is divided by a.
21
Let u(b) = b**2 + b + 1. Let r(w) = -3*w**2 + 7*w + 3. Let h(y) = -r(y) - 4*u(y). Let x(l) = 2*l - 18. Calculate the remainder when h(-8) is divided by x(12).
5
Let s = 5 + 0. Let k(y) = y + 1. Let j(n) = -n**2 + 8*n - 1. Let x(v) = -j(v) + 5*k(v). What is the remainder when x(s) is divided by 6?
4
Suppose 972 = -g + 13*g. Calculate the remainder when g is divided by 28.
25
Suppose -19*v + 5*v + 910 = 0. What is the remainder when v is divided by 15?
5
Suppose 7*s = 2*s + 120. Calculate the remainder when 69 is divided by s.
21
Let m(n) = 4*n**2 + 10*n + 2. Let a(w) = -w**3 + w**2 + w + 21. Calculate the remainder when a(0) is divided by m(-3).
5
Let m = -216 - -330. Suppose 4*y = m + 82. Calculate the remainder when y is divided by 17.
15
Suppose 8*f - 3*f + 10 = 0, 3*t - 2*f = 49. What is the remainder when 73 is divided by t?
13
Suppose 0*q = -3*o + 5*q - 9, 0 = 5*q - 15. Let r be (1 + o + -1)/(-2). Let h(m) = -40*m. What is the remainder when h(r) is divided by 14?
12
Let f(p) = 32*p + 1. Let q be (3/2)/(12/16). Calculate the remainder when f(q) is divided by 17.
14
Let x be (-1)/4 + (-145)/(-4). Let f = -10 + x. What is the remainder when f is divided by (-1)/(-2 - 34/(-18))?
8
Suppose -3*h = i - 10, -4*i + 7 = 2*h - 3*i. Suppose -60 = -h*f - f. Calculate the remainder when f is divided by 8.
7
Let s = -5 + 2. Let w(z) = z**2 + 6*z - 2. Let c be w(s). Calculate the remainder when -1*(c - (1 + 1)) is divided by 5.
3
Let a = 8 - 5. Let h = 15 - 6. What is the remainder when h is divided by a?
0
Suppose -5*r + 199 = 3*a, -2*a - 146 = -2*r - 2*r. Let s = 2 - -1. Calculate the remainder when r/5 - (-3)/(-5) is divided by s.
1
Let j = -67 - -83. Calculate the remainder when 58 is divided by j.
10
Let h = -11 + 37. What is the remainder when h is divided by 14?
12
Let x = -76 + 188. What is the remainder when x is divided by 23?
20
Let w(h) = 3*h + 30. What is the remainder when w(6) is divided by 14?
6
Let w be (2 + -4)*(-4)/2. Suppose -w*b + 50 + 10 = 0. Let t = -9 + 52. What is the remainder when t is divided by b?
13
What is the remainder when 22 is divided by (-1)/6*-9*4?
4
Let s = -12 + 14. Suppose -18 = -p + 4*n + 1, p + 9 = -3*n. What is the remainder when p is divided by s?
1
Let c(b) = 8*b**2 - 5*b + 4. What is the remainder when c(2) is divided by 7?
5
Suppose -4*a + 0*n + 13 = -n, 4*a + 4*n = 28. Calculate the remainder when 9 is divided by a.
1
Let t(h) = -h**2 - 8*h + 11. Let c = -12 + 3. Let i be t(c). Suppose 2*w - 33 = -i*r - w, w + 59 = 4*r. Calculate the remainder when r is divided by 8.
7
Let a(d) = -1 - 7 - 3*d + d**2 + 0*d**2. Calculate the remainder when 39 is divided by a(7).
19
Suppose 0 = 4*a - a - 5*d - 61, 23 = 4*a + 5*d. What is the remainder when 45 is divided by a?
9
Let i(f) = -f**3 - f + 70. Let v = 2 + -2. What is the remainder when i(v) is divided by 24?
22
